k - 186. Calculate the remainder when l(-18) is divided by 10.
6
Let a(f) = -2*f**3 + 4*f**2 + 27*f - 37. What is the remainder when a(-6) is divided by 4?
1
Suppose 3*u + 8 = 5*u. Suppose -u*o + 8 = -4*k, 2*o - 10 = -3*o + k. Suppose 2 + 8 = o*h, -3*w + 3*h = -177. Calculate the remainder when w is divided by 17.
13
Let k be ((-3)/(-14) - (-2)/7)*8. Let z = k + 8. Calculate the remainder when 29 is divided by z.
5
Let z(y) = -7 - 11*y + 2 + 5 + y**2. Calculate the remainder when z(12) is divided by (-2 - -2) + 14/2.
5
Suppose 0 = -20*a + 810 + 1030. Calculate the remainder when a is divided by 19.
16
Suppose 565 = l + 4*l. Suppose 0 = -43*c + 6*c + 2146. Calculate the remainder when l is divided by c.
55
Suppose 824 + 951 = 25*a. Calculate the remainder when 154 is divided by a.
12
Suppose 24 = 4*p - 0*c - 3*c, 4*p - 2*c - 24 = 0. Let t = 59 - 7. What is the remainder when 2/(-8) - (-7 + t/(-16)) is divided by p?
4
Let a = 383 + -178. Calculate the remainder when a is divided by 22.
7
Suppose -o + 42 = 3*r, -86 = -3*o + 5*r - 4*r. Suppose -3*t + 33 = 3*k, 3*k = -4*t - t + 39. What is the remainder when o is divided by k?
6
Let k(d) = 2*d - 29. Let u be k(12). Let f(h) = 3*h**2 + 3*h - 9. Calculate the remainder when f(u) is divided by 18.
15
Let m = -28 - -32. What is the remainder when 64 is divided by m*((-5)/4)/5 - -12?
9
Let s(l) = -l**2 + 10*l + 9. Let g(t) = 3*t**2 - 30*t - 26. Let u(h) = -3*g(h) - 8*s(h). What is the remainder when 122 is divided by u(5)?
29
Suppose -1918 = -17*u - 320. Calculate the remainder when u is divided by 32.
30
Suppose 0 = -q + 4*l + 167, l - 115 = -2*q + 228. What is the remainder when q is divided by 49?
24
Let q(p) = -5*p**2 - 69*p. What is the remainder when q(-13) is divided by 17?
1
Let f(o) = -o**2 - 22*o - 47. Calculate the remainder when 12 is divided by f(-19).
2
Suppose 5*k + 2*b - 1882 = -336, 2*b + 314 = k. Let n(z) = -z**3 - 11*z**2 - z + 7. Let l be n(-11). What is the remainder when 33 is divided by k/l - 8/36?
16
What is the remainder when 93 is divided by 530/45 + (-2)/9*-1?
9
Suppose -w - 15 = 4*n + 4*w, -n = -2*w + 7. Suppose 3*v = -4 - 11, 3*v + 125 = 5*b. Let m = n + b. Calculate the remainder when m is divided by 10.
7
Suppose 18*r - 8 = 14*r. Suppose -20 = -4*q - r*t, -5*q + 0 = -2*t - 25. Calculate the remainder when 8 is divided by q.
3
Let r = 31 + -27. Let n(h) = 10*h - 11. Calculate the remainder when n(r) is divided by 5.
4
Suppose 3*x - 167 = 4*l, -x = 2*l - 3*l - 54. Calculate the remainder when x + (-4 - (-1 + 1)) is divided by (-12)/18*(-1 + -23).
13
Suppose 51*i - 49*i - 12 = 0. Let j(u) be the second derivative of 4*u**3/3 + 7*u**2/2 + u. Calculate the remainder when j(i) is divided by 14.
13
Suppose 0*a + 16 = -2*x + 5*a, 5*x = -5*a - 5. What is the remainder when 23 is divided by (-406)/(-56) + x/(-4)?
7
Let r = -1004 + 1068. What is the remainder when 108 is divided by r?
44
Suppose 2*v - 30 - 80 = 0. Suppose 27*z = -5*m + 22*z + 70, 48 = 2*m - 2*z. What is the remainder when v is divided by m?
17
Let g = -2 + 17. Calculate the remainder when g is divided by 4.
3
Let d(n) = -2*n + 8. Let j = 18 - 14. Suppose c + 1 = -j. Calculate the remainder when d(c) is divided by 7.
4
Suppose -4*x - 2*g + 48 = 0, -x + 2*x - 5*g - 1 = 0. Let s be 12/15 - 704/(-20). Let f = -32 + s. Calculate the remainder when x is divided by f.
3
Let q be -13 + 16 + (-1)/((-2)/20). Let t(i) = -i**3 + 6*i**2 - 5. Let r be t(4). Let x = r - q. Calculate the remainder when 27 is divided by x.
13
Let p = -164 + 166. Suppose 0 = 2*v + v - 3. Calculate the remainder when p is divided by v.
0
Let z = 123 + -118. Let h = -5 + 8. Suppose -4*k + 0*r + 65 = 3*r, 4*k - 71 = h*r. What is the remainder when k is divided by z?
2
Let y(x) = -16*x - 6. Let k be y(13). Let s = 319 + k. What is the remainder when s is divided by 22?
17
Suppose 47*b - 54*b + 112 = 0. Calculate the remainder when 43 is divided by b.
11
Let w = 275 - 265. Suppose -4*x + 92 = -3*r, -4*r + 0*r = x - 42. What is the remainder when x is divided by w?
6
Let g(b) = -3*b - 9. Let v be g(-4). Suppose -v*p = x - 123, -3*x - 2*p + 354 = 2*p. Calculate the remainder when x is divided by 29.
27
Let l(z) = 7*z**2 + 21*z + 1. Let a(w) = -4 + 4 + 3*w**2 + 11*w. Let t(u) = 9*a(u) - 4*l(u). What is the remainder when 37 is divided by t(14)?
7
Let g be 2*(-198)/(-4) - 2. Suppose 2*s - 83 = 3*n, n - g = -0*s - 3*s. Suppose -s = -5*x + 26. What is the remainder when x is divided by 8?
4
Suppose 19 = g + 4*h - 11, -2*g = -4*h. Let d be (-1)/(-3) + (-190)/(-15). Let k = d + 16. What is the remainder when k is divided by g?
9
Let h be 23/7 - 1 - (-138)/(-483). What is the remainder when -1756*(-7)/112 - h/(-8) is divided by 16?
14
Let p(t) = t**3 - 14*t**2 - t + 29. Suppose -2*z + 0*n + 3 = 3*n, -5*z = -5*n - 45. What is the remainder when p(14) is divided by z?
3
Let o = 134 - 94. Let r be (-463)/(-5) + 16/o. Suppose 4*k - g - 55 = 0, 5*k + 13 = 5*g + r. Calculate the remainder when 36 is divided by k.
10
Let i(m) = -m**2 + 4*m + 0 - 6 + 5*m. Let o(h) = h**3 - 28*h**2 + h - 24. Let q be o(28). What is the remainder when i(q) is divided by 5?
4
Suppose 21*w - 44 = -u + 16*w, 2*u - 46 = -3*w. Calculate the remainder when (-491)/(-4) + (-1)/(-4) is divided by u.
11
Let b(g) = g + 30. Let r be b(-15). Suppose 4*x = -3*q + 12, -5 = -4*x + 4*q + 7. Suppose -x + r = m. What is the remainder when 46 is divided by m?
10
Suppose 6*o - 260 = 2*o. Let h be ((-1)/1)/(-1 - -2). Calculate the remainder when o is divided by 0/(-1) - (h + -21).
21
Let o = 4 + 0. Let a be 5*(2 + (-140)/(-25)). Suppose 5*w + 2*s - 63 = -2*s, -4*w = -3*s - a. What is the remainder when w is divided by o?
3
Let i be (-8)/10*(-5 - 0). Suppose 2*l - 47 = -4*f + 9, 2*l - i*f = 72. What is the remainder when l is divided by 11?
10
Calculate the remainder when 45 is divided by (-200)/80 - 51/(-2).
22
What is the remainder when ((-2)/5)/(2/(-620)) is divided by 22?
14
Let u be 2 - (-2 + (3 - 1)). Let l(v) = 4*v**u - 1 + 5*v**2 - 8*v**2. What is the remainder when 95 is divided by l(5)?
23
Suppose 0*v + 2*v = 10. Suppose -x - 3*n + 19 = -2*n, 0 = 2*x - 4*n - 26. What is the remainder when x is divided by v?
2
Calculate the remainder when 447 is divided by ((-1150)/69)/(4/(-36)*2).
72
Let h be ((-8)/4 - -3)/((-3)/(-72)). Suppose -i - 2*x + 17 = 5, -2*i - x + h = 0. What is the remainder when 94 is divided by i?
10
Suppose 0 = -13*l + 18*l - 230. Let d = l + -35. Calculate the remainder when 20 is divided by d.
9
Let a be 3/6*6/(-3). Let c be 22/(-4)*(a - -509). What is the remainder when 4/(-10) - c/110 is divided by 13?
12
Let d(k) = 8*k**3 - 19*k**2 + 16*k - 1. Calculate the remainder when d(3) is divided by 74.
18
Let m = 1539 + -1123. Calculate the remainder when m is divided by 154.
108
Let r(i) = 28*i + 5. Suppose -7*w = -2*w - 480. Calculate the remainder when w is divided by r(1).
30
Let x(u) = 7*u**2 - 2*u - 2. Let o be x(2). Let g = 41 - o. Suppose 2*v + 4*z = 158, 2*z = 3*v - v - 146. What is the remainder when v is divided by g?
18
Let p be 3 - ((-1 - -4) + -2). Suppose -2*a = -2*n + n - 5, -n + 7 = p*a. Let k = n + 30. What is the remainder when k is divided by 8?
7
What is the remainder when 70 is divided by (78/(-5))/(-18 - 704/(-40))?
31
Let c = 16 - 14. Suppose c*w - 55 = -5. Calculate the remainder when 74 is divided by w.
24
Suppose -15*n = -20*n + 15. Suppose -n = -4*r + 301. What is the remainder when r is divided by 11?
10
Let i = 11 - 261. Suppose y - 348 = n, 2*y + 5*n + 133 = 850. Let u = i + y. What is the remainder when u is divided by 26?
23
Let g = 7 + -7. Let s(u) = -u - 5. Let l be s(g). Calculate the remainder when (l - 0)*(-38)/10 is divided by 7.
5
Suppose 3*y = -0 + 147. What is the remainder when y is divided by 26?
23
Let w = -4 + 5. Suppose -3 = -2*v + w. Suppose 3*x + d - 54 = 0, -v*x + 0*d + 43 = 3*d. What is the remainder when 50 is divided by x?
16
Suppose 2*h - 5*r = 95, -4*r + 89 = 2*h + 3. Calculate the remainder when 174 is divided by h.
39
Let h(g) = g**3 - 12*g**2 + 2*g - 6. Let s(y) = -2*y**3 + 23*y**2 - 5*y + 11. Let p(t) = -11*h(t) - 6*s(t). Calculate the remainder when 89 is divided by p(5).
14
Suppose 0 = 31*u + 129 - 625. What is the remainder whe